y = 317 - 215. Suppose -3*q = -2*h - 102, 5*q - h - y = 2*q. Is q a composite number?
True
Suppose -2*o + 494 = -2892. Is o a prime number?
True
Suppose -88 = 2*h - 2*b, 4*h + 2*b + 216 = -2*b. Let q = h - -100. Is q a composite number?
True
Let y(a) = 8*a + 3*a**3 + 0*a**3 + 10*a**2 - 8 - 2*a**3. Is y(-7) a prime number?
True
Suppose 15*a = 10*a + 165. Is a a composite number?
True
Suppose 146 = 4*x - 22. Suppose 0*c + 2*c - x = 0. Is c a composite number?
True
Is 1/(3*4/(-12))*-1039 composite?
False
Suppose 4*i + 826 = 2*q, 0 = 2*q - q + 5*i - 399. Is q a composite number?
False
Suppose 4*c - 121 = 3*j, -37 + 5 = -c - j. Is c a prime number?
True
Let h(y) = -35*y + 1. Is h(-6) a prime number?
True
Suppose 4*y - 6 = y. Suppose -4*f = -y*c - 100, 4*f - 87 - 13 = -5*c. Is f prime?
False
Suppose -2*w = 3*w - 565. Is w composite?
False
Let n(w) = -w + 8. Let l be n(5). Suppose l*s = 6*s - 201. Is s a composite number?
False
Let p(u) = -2491*u + 8. Is p(-3) composite?
False
Let c(s) = -2*s + 0 + 3*s + 2 + s**2 - 4*s. Is c(4) composite?
True
Let j(m) = -42*m + 3. Is j(-3) a composite number?
True
Let w be (-9)/(0 - 6/8). Let a be (-7)/(-3) + (-4)/w. Suppose -a*i - 125 = -7*i. Is i a composite number?
True
Let j(v) = -15*v + 4. Let i be j(-6). Let o = i - 57. Is o a prime number?
True
Let a(g) be the first derivative of g**3/3 + 5*g**2/2 - 2*g + 1. Let y be a(-5). Is y/2 + 48 - 0 composite?
False
Let u = 15 + -24. Is (-2384)/4*u/12 composite?
True
Is 298/1*(-35)/(-14) composite?
True
Let s(n) = 11*n**3 + 5*n - 1. Is s(5) prime?
True
Suppose -2*t + 8 = 2*t. Let n(w) = w**3 - 3*w**2 + 2*w - 2. Let r be n(t). Is 11*7 - (2 + r) prime?
False
Let b = -119 - -115. Let r(p) = -20*p**2 - 13*p + 2. Let i(s) = -7*s**2 - 4*s + 1. Let h(g) = -17*i(g) + 6*r(g). Is h(b) a prime number?
True
Let p(c) be the third derivative of 1/60*c**6 + 1/6*c**3 - 1/6*c**4 + 3*c**2 + 0 + 0*c - 1/60*c**5. Is p(4) prime?
True
Suppose 2*c - 521 = -5*i, -115 = c + 2*i - 374. Suppose u = -4*p + c, -1280 = -0*u - 5*u - 5*p. Is u a composite number?
False
Suppose -2*i + 4*p + 19 = -i, -4*i + 43 = -5*p. Let y be i/(-5) - 3/5. Is (42/9)/(y/(-39)) a composite number?
True
Let g(z) = z**2 - 5*z - 7. Let d be g(7). Suppose -356 = 3*r - d*r. Is r a composite number?
False
Let w = 316 + -207. Suppose -136 = -2*f - t, -4*f = 4*t - 155 - w. Suppose -r = -0*i + 4*i - 152, 2*i - r - f = 0. Is i prime?
True
Let g = 0 + 4. Suppose 0*p - g*p + 508 = 0. Is p composite?
False
Suppose -3*j - j + 4 = 0. Let f = j - -91. Suppose -f = a - 5*a. Is a composite?
False
Suppose -10 = -g - 12. Let o(h) = -2*h**3 + h**2 + h + 1. Is o(g) a composite number?
False
Suppose 0*d = -3*d + 162. Let n = d - -39. Is n a composite number?
True
Is (0 + -1801)/((-36)/(-6) + -7) a composite number?
False
Let i = -296 + 459. Is i a composite number?
False
Let d = -275 - -395. Suppose -5*p = -8*p + d. Suppose v + 48 = 3*v + 2*h, -2*v + 2*h + p = 0. Is v a prime number?
False
Let x be 1 + 678/(-2 + 5). Suppose 626 + 86 = 4*p + 5*h, 374 = 2*p - 2*h. Suppose -c - 2*t = 2*c - x, -2*c = -5*t - p. Is c a prime number?
True
Let k be (-6)/(-2)*(-4)/(-6). Let v be ((-1 - 1) + k)/2. Let d = 51 - v. Is d a composite number?
True
Is (66/(-12))/((-2)/92) a prime number?
False
Is (-2)/(-16) + 590/16 composite?
False
Let r = -151 + 324. Let k = r + 14. Is k composite?
True
Let a(o) = 34*o + 31. Is a(9) prime?
True
Let x = 14 - -4. Suppose -5*r = -x - 182. Let p = r - -18. Is p prime?
False
Suppose b + 2 = 333. Suppose b = 3*v - 338. Is v a composite number?
False
Let s(w) = 36*w**2 + 14*w**2 - 2*w + 2*w**2 + w. Is s(-1) prime?
True
Let p be 0 + (-8)/(-4) - 803. Let u = -454 - p. Is u a prime number?
True
Let v(p) = -p**3 + 9*p**2 - 4*p - 4. Let d be v(8). Suppose 0*f + 27 = -3*f. Let u = d + f. Is u composite?
False
Let r(b) = -8*b**2 + 2*b + 6. Let i(t) = 7*t**2 - 2*t - 6. Let z(v) = 5*i(v) + 4*r(v). Let a be -2*2/(-8)*-10. Is z(a) a prime number?
True
Let o be (-4012)/20 + 2/(-5). Let x = o + 380. Let r = x + -112. Is r composite?
False
Suppose 4*l = -0*l + 12. Suppose 196 = 3*b - 0*i + 5*i, -3*i - 204 = -l*b. Is b prime?
True
Let u(k) be the third derivative of 5*k**4/12 - 5*k**3/6 + 3*k**2. Let p be u(4). Suppose -2*s + p = -s. Is s prime?
False
Let s(w) = 127*w - 8. Is s(1) composite?
True
Let n be (3 + 0)/(-2 + 3). Suppose 0 = n*s - 21 - 12. Is s composite?
False
Suppose -4*y - 2*m + 346 = 0, 2*y - 1 = 3*m + 160. Is y composite?
True
Let l(h) = 10*h + 6. Let k be l(9). Suppose -3*w + 20 = 2*w. Suppose 4*r - w - k = 0. Is r prime?
False
Let u be 6/(-4) + 212/8. Let r = u - -174. Is r a prime number?
True
Let s = 4 - 1. Suppose s*w + 58 = 2*o, -o = -w - w - 31. Is o composite?
False
Suppose 3*f - 326 - 625 = 0. Is f a prime number?
True
Suppose -2*i = -5*i - 4*s + 857, -2*i + 4*s = -598. Is i composite?
True
Let o(i) = -i**3 - 31*i**2 + 61*i + 29. Is o(-33) composite?
True
Let h = 691 + -169. Suppose 0 = 5*m - 113 - h. Is m a composite number?
False
Let x(l) = l**2 + 13*l + 5. Is x(-16) prime?
True
Let k be 212*(9/(-4))/(-3). Suppose 4*g = -0*y - 2*y + 564, -g = -4*y - k. Is g prime?
False
Is (-645)/(-4) + (-13)/52 composite?
True
Is (-2)/(-4)*(46 - 24) a composite number?
False
Let w(j) = j - 1. Let g be w(4). Suppose a + g + 2 = 0. Is (2 - 1)*a*-13 a prime number?
False
Suppose b = 2*b - 233. Is b a prime number?
True
Is 5 - 1 - (-15 - 238) a composite number?
False
Suppose 0 = -3*a - 5*w - 15, a - w = -4*a + 3. Let g = a + 0. Is 19*-5*(g + -1) composite?
True
Let y be 4 + 3/6*0. Suppose -4*x + y*c = -180, -3*c + 10 + 2 = 0. Is x a prime number?
False
Suppose -4*o - 5*d = -1028, 3*d = -2*o + 418 + 96. Is o prime?
True
Let u(c) = 2*c + 12. Let m be u(-5). Suppose -5*y = 4*a - 685 + 234, -m*a = -5*y + 427. Is y prime?
False
Suppose -5*u + 15 + 5 = 0. Let t = u - 1. Suppose 2*h - t*h = -2*c - 77, -h + 5*c + 92 = 0. Is h a prime number?
True
Let g(u) = -2*u - 4. Let b be g(-5). Suppose b*j - j = 3*r + 254, -j + 5*r = -64. Is j a prime number?
False
Let y = 978 - 1813. Is (6/3)/((-10)/y) composite?
False
Let i(t) = t**2 - 3*t - t + 4 - 3*t. Is i(9) prime?
False
Suppose 2*a - 510 = -a. Suppose 825 - 165 = 4*k + 4*l, a = k + 2*l. Let w = k - 77. Is w composite?
False
Suppose -n - 26 = -3*n + 4*h, 4 = -h. Suppose -5*s - 351 = -n*i - s, -2*s = i - 59. Is i a prime number?
True
Suppose 4*k + 15 - 523 = 0. Is k a prime number?
True
Let x(w) = -224*w**3 - 1. Let c = -7 + 6. Is x(c) a composite number?
False
Suppose 21*q - 28*q = -27545. Is q a composite number?
True
Suppose -2*m + 354 = -4*s, -339 = -m - m + s. Suppose -n - 4*l + m = -152, -4*n + 1225 = -l. Is n prime?
True
Suppose 5*q - 877 = 598. Is q a prime number?
False
Suppose -5*n = 4*l + 362, 4*l + 6 + 6 = 0. Is (-18)/(-6) + n/(-2) a composite number?
True
Let g be (-5)/5 - (0 + 150). Let c = g - -342. Is c a composite number?
False
Let j(w) = 7*w**2 - 5*w + 5. Suppose -2*r = -2*o - 0*o + 4, -2*o = 3*r - 14. Is j(o) composite?
False
Suppose -5*l - 3*o + 15706 = 0, 4*o + 6471 = 2*l + 173. Is l a prime number?
False
Suppose 0 = 5*o + 5*l + 45, -4*o + 8*o + 11 = l. Is 4*((-193)/o - 3) a composite number?
False
Let m(z) = -z + 5. Let n be m(7). Let r be (-16)/(-10) + n/(-5). Is ((-217)/14)/(r/(-4)) composite?
False
Suppose -1964 = -3*h - h - 4*c, 0 = -2*h - c + 980. Is h a prime number?
False
Let r = 45 + -81. Let o be ((-183)/(-12) + 3)*-4. Let d = r - o. Is d prime?
True
Suppose -3*l + 4*l = 83. Is l prime?
True
Let t = 10 - 14. Let j(a) = a**2 + 4*a + 6. Let p be j(t). Let v = 8 + p. Is v a prime number?
False
Suppose -28 = -4*u - 8. Let i(m) = -6*m + 7. Let f be i(u). Let v = 60 + f. Is v prime?
True
Suppose 7296 - 491 = 5*c. Is c prime?
True
Suppose 0 = -z + 5*s + 1360, -2*z + 4*s - 1396 = -3*z. Suppose -5*x - 789 = 3616. Let y = z + x. Is y a prime number?
True
Let b(x) = -x**3 + 6*x**2 + 5. Is b(4) composite?
False
Suppose -5*m + 27 + 8 = 0. Let g(y) = -y**3 + 7*y**2 - y + 10. Let a be g(m). Suppose -a*w = -7*w + 476. Is w prime?
False
Suppose -2*n + 3*x = 11, n + x = 3 + 4. Is 0/(-3) - -5*n a prime number?
False
Suppose 6812 = 11*m + 1455. Is m a prime number?
True
Let p = -63 - -159. Suppose 3*o - 4*o - 5*n + 1 = 0, -3*n = -4*o + p. Is o a prime number?
False
Let v = -85 - -336. I